
-c9
In base 13, what is -2 - -133?
131
In base 16, what is -11 - -e?
-3
In base 8, what is 54 + 14?
70
In base 12, what is 1 + -9b1?
-9b0
In base 5, what is 1 + -334?
-333
In base 16, what is -2 + 42?
40
In base 4, what is 23313 - 10?
23303
In base 5, what is -222033 - 10?
-222043
In base 7, what is 40 + -15?
22
In base 11, what is -2 + 1094?
1092
In base 3, what is -11 + -11120?
-11201
In base 3, what is 10020 - 2?
10011
In base 15, what is 3 - 37?
-34
In base 16, what is -297 - 4?
-29b
In base 12, what is -2 + a4b?
a49
In base 13, what is b01 - 7?
ac7
In base 8, what is 0 - 1355?
-1355
In base 11, what is 2 - 76?
-74
In base 14, what is 4 - -111?
115
In base 2, what is -100101 - 11011?
-1000000
In base 3, what is -100120 - 1?
-100121
In base 6, what is -15 - 41?
-100
In base 14, what is -155b + 3?
-1558
In base 9, what is -3 - 3?
-6
In base 4, what is 223 + -3?
220
In base 15, what is -47 + 2?
-45
In base 13, what is -2a + 254?
227
In base 11, what is 17 - -31?
48
In base 7, what is 101644 + 2?
101646
In base 14, what is -1 + -3a?
-3b
In base 13, what is 73 - 0?
73
In base 10, what is 266 - -9?
275
In base 11, what is 5 + -20?
-16
In base 11, what is -13 + -57?
-6a
In base 3, what is 12 - 2102?
-2020
In base 9, what is -1 + 116?
115
In base 10, what is -10 + -37?
-47
In base 9, what is -1 + -3?
-4
In base 13, what is 10 + 48?
58
In base 15, what is b1 + 1d?
ce
In base 4, what is 2023 - -211?
2300
In base 15, what is 0 + -465?
-465
In base 2, what is -100 - 110101100?
-110110000
In base 16, what is -4 + -3ca?
-3ce
In base 5, what is -10 - 42?
-102
In base 16, what is -808 - -1?
-807
In base 10, what is 10 + 43?
53
In base 8, what is -3731 + -1?
-3732
In base 4, what is -32 - -11?
-21
In base 6, what is 204 - -5?
213
In base 13, what is 1 + 3c?
40
In base 9, what is -8 + 4?
-4
In base 2, what is -111001010 + 10?
-111001000
In base 9, what is 32 + -35?
-3
In base 12, what is -11 + -154?
-165
In base 12, what is 2 + -178?
-176
In base 11, what is 1022 - -1?
1023
In base 11, what is -1 - -13?
12
In base 11, what is -30a + 1?
-309
In base 3, what is 12 + 22020?
22102
In base 11, what is -2 - -980?
979
In base 5, what is 32114 + -1?
32113
In base 14, what is 3b + -9c?
-61
In base 4, what is -11 - 20?
-31
In base 15, what is 54 + -a?
49
In base 12, what is 41 - a?
33
In base 9, what is -1 + 48?
47
In base 7, what is 1210 - 4?
1203
In base 2, what is -10 + -1000001?
-1000011
In base 3, what is -11 + 11112?
11101
In base 7, what is 6 - 10?
-1
In base 11, what is 153 - 0?
153
In base 4, what is -2 - -2231?
2223
In base 14, what is b - -7?
14
In base 7, what is 4 + 623?
630
In base 11, what is 0 + -15?
-15
In base 14, what is 12 - 13?
-1
In base 11, what is 2580 - 3?
2578
In base 10, what is 577 + -3?
574
In base 6, what is -4 - 4404?
-4412
In base 16, what is 1 - 278?
-277
In base 6, what is 1 + -141?
-140
In base 7, what is 0 - -41?
41
In base 12, what is 3 - -105?
108
In base 5, what is -4203 - -4?
-4144
In base 11, what is 10 - 689?
-679
In base 4, what is 11 + -20102?
-20031
In base 3, what is -1002 - -220?
-12
In base 15, what is 5 - 272?
-26c
In base 16, what is -aa - 0?
-aa
In base 12, what is -1 - 40?
-41
In base 16, what is -16 - 21?
-37
In base 9, what is -4 - -1045?
1041
In base 13, what is -7 + -8?
-12
In base 13, what is -3 + -26a?
-270
In base 15, what is 5 + 8?
d
In base 12, what is -190 - 1?
-191
In base 6, what is 10534 + 2?
10540
In base 13, what is -566 - -1?
-565
In base 11, what is 138 - -5?
142
In base 6, what is -22255 - 0?
-22255
In base 12, what is 8a4 + 0?
8a4
In base 5, what is 33444 + 4?
34003
In base 16, what is -2b - 3?
-2e
In base 5, what is 4 + 413?
422
In base 9, what is 5218 - 4?
5214
In base 14, what is 0 + -132?
-132
In base 6, what is 3 + -4420?
-4413
In base 5, what is 0 + -4400?
-4400
In base 16, what is 5 - ee?
-e9
In base 2, what is -101 + 100010110?
100010001
In base 13, what is 8 - -29?
34
In base 8, what is -37702 + 1?
-37701
In base 2, what is -110001 - 100110?
-1010111
In base 13, what is 14 - 1a?
-6
In base 4, what is 0 - 13210?
-13210
In base 8, what is 4 + 27?
33
In base 12, what is 30 - 0?
30
In base 5, what is -312 - -30?
-232
In base 12, what is -a - 8?
-16
In base 6, what is -1 + 14224?
14223
In base 8, what is -154 - -161?
5
In base 9, what is -1786 + 1?
-1785
In base 7, what is -406 + -113?
-522
In base 15, what is 0 + -38?
-38
In base 7, what is -420 - 4?
-424
In base 14, what is 3 + -19?
-16
In base 15, what is -5 + -14?
-19
In base 14, what is 4 - 68a?
-686
In base 15, what is 10b - -4?
110
In base 16, what is 3 + f2?
f5
In base 8, what is 7 + 21?
30
In base 15, what is 3 + -55?
-52
In base 7, what is -2122 - 2?
-2124
In base 7, what is -1420 - 4?
-1424
In base 3, what is -2 + -100?
-102
In base 2, what is -111 + -1110100111?
-1110101110
In base 15, what is -237 - -a?
-22c
In base 10, what is 5 + -53?
-48
In base 8, what is 30 + 7?
37
In base 12, what is -37 + 1a?
-19
In base 3, what is -100010 + 100?
-22210
In base 9, what is 5 - 72?
-66
In base 5, what is 1004 + -31?
423
In base 11, what is 7a83 - -1?
7a84
In base 13, what is 3 - -c7?
ca
In base 12, what is 128 - 1?
127
In base 2, what is 101111110 + -100?
101111010
In base 5, what is 2332 + -3?
2324
In base 15, what is -9 - -9?
0
In base 10, what is 1728 + -3?
1725
In base 4, what is 222 - 1003?
-121
In base 14, what is 35 + -4?
31
In base 12, what is -1 + a6?
a5
In base 8, what is 3 + 533?
536
In base 14, what is -172 + -3?
-175
In base 2, what is 0 + -110101?
-110101
In base 6, what is 5 + 1?
10
In base 2, what is -10101 - 11110?
-110011
In base 12, what is -3 + -650?
-653
In base 13, what is -7 + -147?
-151
In base 4, what is -10123 + -223?
-11012
In base 3, what is -12 + -1122202?
-1122221
In base 15, what is -1 - -7ec?
7eb
In base 15, what is 1 - 8cc?
-8cb
In base 13, what is -5 + -23?
-28
In base 2, what is 100100100011 + -10?
100100100001
In base 2, what is 1010 - -100?
1110
In base 2, what is -10111000 + -101?
-10111101
In base 16, what is -1b2 + -9?
-1bb
In base 5, what is 10 + -1100?
-1040
In base 9, what is -2 - 180?
-182
In base 10, what is 4 - 2232?
-2228
In base 15, what is 3 - 173?
-170
In base 13, what is 3 - 50b?
-508
In base 6, what is 441 + 3?
444
In base 2, what is -10101110111 + 0?
-10101110111
In base 16, what is 5b - -3?
5e
In base 4, what is -12 + -1113?
-1131
In base 5, what is -220143 - -1?
-220142
In base 12, what is 0 + 1205?
1205
In base 8, what is 41 - -4?
45
In base 8, what is 102 - -521?
623
In base 3, what is 1101000 + -2?
1100221
In base 4, what is -21232 - -13?
-21213
In base 7, what is 0 - -50?
50
In base 8, what is 0 - -7?
7
In base 4, what is -11 + -30?
-101
In base 4, what is 100 - 1?
33
In base 2, what is 1010111 + -100110?
110001
In base 15, what is 7 + -8b?
-84
In base 8, what is 171 - -2?
173
In base 2, what is -1001 + -110?
-1111
In base 13, what is 147 + 3?
14a
In base 7, what is 2161 - -1?
2162
In base 5, what is 32 - -414?
1001
In base 10, what is 726 - -4?
730
In base 9, what is -66 - -2?
-64
In base 7, what is -62 + 1?
-61
In base 16, what is 9 - -8?
11
In base 16, what is 4 - 5?
-1
In base 4, what is -211 - -103?
-102
In base 14, what is -3 - -792?
78d
In base 2, what is 1001010 + 111100?
10000110
In base 14, what is 2 - -164?
166
In base 4, what is 20 - -103?
123
In base 5, what is 103442 + -2?
103440
In base 2, what is -10 + -11101001?
-11101011
In base 12, what is -2a - -3?
-27
In base 12, what is -5 + 306?
301
In base 7, what is -20 - 51?
-101
In base 7, what is 30 - -1664?
2024
In base 3, what is -22222200 - 12?
-22222212
In base 5, what is 40302 - 4?
40243
In base 15, what is 10 + -3?
c
In base 13, what is -14a + 7?
-143
In base 11, what is 5 + -372?
-368
In base 3, what is -202012 - -12?
-202000
In base 13, what is -85 + 0?
-85
In base 2, what is 100001011110 + 11?
100001100001
In base 12, what is -78 + -1a?
-96
In base 2, what is -101101100100 - 11?
-101101100111
In base 7, what is 21 + -320?
-266
In base 8, what is 34 - 34?
0
In base 3, what is 2021122 - -2?
2021201
In base 11, what is 461 + -2?
45a
In base 6, what is -25 + 53?
24
In base 16, what is 47e - -4?
482
In base 11, what is -39 + 9?
-30
In base 9, what is -1020 + -3?
-1023
In base 7, what is -2 + 1?
-1
In base 5, what 